culate the greatest common factor of 410 and 20.
10
What is the greatest common factor of 20 and 680?
20
What is the greatest common divisor of 3705 and 1755?
195
What is the highest common divisor of 11 and 913?
11
What is the greatest common factor of 6 and 2?
2
Calculate the highest common divisor of 45713 and 51.
17
Calculate the highest common factor of 78 and 7969.
13
What is the highest common factor of 78 and 2886?
78
What is the highest common divisor of 48216 and 8?
8
Calculate the highest common factor of 429 and 234.
39
What is the highest common factor of 1902 and 6?
6
What is the highest common factor of 833 and 98?
49
Calculate the greatest common factor of 4292 and 667.
29
Calculate the highest common divisor of 973 and 556.
139
What is the highest common divisor of 16 and 344?
8
Calculate the highest common divisor of 705 and 75.
15
Calculate the greatest common divisor of 842 and 6.
2
Calculate the greatest common divisor of 273 and 13.
13
What is the greatest common divisor of 5 and 9?
1
Calculate the highest common factor of 221 and 26.
13
What is the greatest common factor of 36 and 1026?
18
Calculate the highest common divisor of 32 and 640.
32
Calculate the greatest common divisor of 88 and 32.
8
What is the greatest common factor of 1183 and 91?
91
Calculate the greatest common divisor of 12 and 160.
4
Calculate the greatest common divisor of 42 and 224.
14
What is the greatest common divisor of 12 and 129?
3
Calculate the greatest common factor of 116 and 1363.
29
What is the greatest common factor of 591 and 3?
3
What is the highest common divisor of 224 and 352?
32
What is the highest common factor of 264 and 48?
24
What is the greatest common factor of 118 and 10?
2
Calculate the greatest common factor of 224 and 7.
7
Calculate the highest common divisor of 10 and 16210.
10
What is the highest common factor of 2 and 50?
2
What is the greatest common divisor of 123 and 1189?
41
Calculate the greatest common divisor of 10 and 52.
2
What is the highest common divisor of 5352 and 216?
24
What is the highest common divisor of 6 and 111?
3
Calculate the greatest common factor of 24 and 684.
12
What is the greatest common factor of 9 and 1746?
9
What is the greatest common factor of 60 and 12?
12
What is the highest common divisor of 304 and 57?
19
Calculate the greatest common factor of 467 and 2.
1
Calculate the greatest common factor of 40 and 360.
40
Calculate the highest common divisor of 22068 and 12.
12
What is the highest common divisor of 5 and 3?
1
Calculate the greatest common divisor of 164 and 76588.
164
What is the greatest common divisor of 7 and 4816?
7
What is the greatest common factor of 39 and 156?
39
Calculate the highest common factor of 33 and 297.
33
Calculate the greatest common factor of 3 and 141.
3
Calculate the highest common factor of 72 and 38952.
72
Calculate the highest common factor of 216 and 189.
27
What is the greatest common divisor of 986 and 116?
58
Calculate the greatest common factor of 891 and 44.
11
Calculate the greatest common factor of 15 and 3780.
15
Calculate the greatest common factor of 110 and 5126.
22
What is the highest common factor of 9 and 75?
3
Calculate the greatest common divisor of 22 and 99.
11
What is the highest common divisor of 84 and 224?
28
Calculate the greatest common divisor of 14 and 16261.
7
Calculate the greatest common divisor of 420 and 910.
70
Calculate the highest common factor of 2728 and 22.
22
What is the greatest common divisor of 473 and 22?
11
Calculate the greatest common factor of 33 and 1947.
33
What is the highest common factor of 164 and 1271?
41
Calculate the greatest common factor of 21 and 140.
7
Calculate the greatest common factor of 335 and 1809.
67
Calculate the greatest common factor of 3439 and 1629.
181
What is the greatest common divisor of 9288 and 216?
216
What is the highest common factor of 70 and 2030?
70
What is the highest common divisor of 9917 and 188?
47
What is the greatest common factor of 44 and 176?
44
What is the greatest common divisor of 1040 and 20?
20
Calculate the greatest common factor of 282 and 6298.
94
Calculate the highest common factor of 34 and 2737.
17
Calculate the greatest common divisor of 45 and 165.
15
Calculate the highest common factor of 120 and 2136.
24
What is the greatest common divisor of 520 and 2470?
130
Calculate the greatest common factor of 120 and 3270.
30
What is the highest common factor of 22 and 506?
22
Calculate the greatest common factor of 28 and 714.
14
What is the greatest common divisor of 5390 and 42?
14
What is the greatest common divisor of 826 and 4838?
118
What is the highest common divisor of 592 and 304?
16
What is the greatest common factor of 13416 and 129?
129
Calculate the greatest common divisor of 485 and 10.
5
What is the greatest common divisor of 4 and 58?
2
What is the highest common divisor of 1558 and 984?
82
Calculate the highest common factor of 116 and 17516.
116
What is the highest common divisor of 1 and 11?
1
What is the greatest common divisor of 29 and 1218?
29
Calculate the highest common divisor of 6 and 291.
3
What is the greatest common divisor of 360 and 160?
40
Calculate the greatest common factor of 96 and 564.
12
Calculate the highest common factor of 62 and 434.
62
Calculate the highest common factor of 9 and 1143.
9
Calculate the greatest common divisor of 418 and 152.
38
Calculate the greatest common factor of 88 and 1243.
11
Calculate the greatest common factor of 435 and 135.
15
What is the greatest common divisor of 550 and 40?
10
What is the greatest common factor of 216 and 6534?
54
What is the greatest common divisor of 21 and 90?
3
Calculate the greatest common divisor of 336 and 408.
24
Calculate the greatest common divisor of 1892 and 1804.
44
What is the greatest common factor of 18 and 1854?
18
Calculate the greatest common divisor of 24 and 3408.
24
Calculate the greatest common factor of 3417 and 102.
51
What is the greatest common divisor of 140 and 7?
7
Calculate the greatest common factor of 135 and 30.
15
What is the greatest common divisor of 415 and 40?
5
Calculate the highest common factor of 670 and 201.
67
Calculate the greatest common divisor of 5287 and 17.
17
What is the greatest common factor of 559 and 39?
13
What is the greatest common factor of 70 and 220?
10
What is the highest common divisor of 144 and 624?
48
Calculate the greatest common factor of 31 and 20491.
31
Calculate the greatest common factor of 18 and 84.
6
Calculate the greatest common divisor of 432 and 810.
54
Calculate the greatest common divisor of 2048 and 64.
64
Calculate the highest common divisor of 13 and 13.
13
Calculate the greatest common divisor of 42 and 574.
14
Calculate the greatest common factor of 530 and 20.
10
Calculate the highest common factor of 3915 and 58.
29
What is the highest common divisor of 125 and 115?
5
What is the highest common factor of 187 and 5423?
187
Calculate the greatest common divisor of 132 and 33.
33
Calculate the greatest common factor of 2629 and 717.
239
What is the greatest common factor of 242 and 88?
22
Calculate the greatest common divisor of 37 and 1369.
37
What is the greatest common divisor of 221 and 1037?
17
What is the highest common divisor of 19 and 19?
19
Calculate the greatest common factor of 40 and 2560.
40
Calculate the highest common factor of 2414 and 204.
34
Calculate the greatest common divisor of 4438 and 28.
14
What is the highest common divisor of 156 and 6162?
78
Calculate the greatest common factor of 15 and 6303.
3
Calculate the greatest common divisor of 485 and 5.
5
What is the greatest common factor of 1927 and 329?
47
Calculate the greatest common factor of 29 and 2349.
29
Calculate the greatest common factor of 12 and 39.
3
Calculate the highest common factor of 1079 and 299.
13
What is the highest common divisor of 225 and 45?
45
What is the highest common factor of 11 and 61974?
11
Calculate the highest common factor of 90 and 360.
90
Calculate the greatest common factor of 42 and 39228.
42
What is the greatest common factor of 7596 and 36?
36
Calculate the greatest common factor of 3577 and 7.
7
What is the highest common factor of 5505 and 15?
15
What i